 of 28252712?
8
What is the ten thousands digit of 86099?
8
What is the hundreds digit of 10300075?
0
What is the tens digit of 717991?
9
What is the thousands digit of 360158?
0
What is the hundreds digit of 484373?
3
What is the millions digit of 2117053?
2
What is the ten thousands digit of 1526062?
2
What is the millions digit of 2382163?
2
What is the thousands digit of 129806?
9
What is the millions digit of 23405525?
3
What is the hundreds digit of 449002?
0
What is the hundred thousands digit of 10502302?
5
What is the tens digit of 84705?
0
What is the thousands digit of 687000?
7
What is the thousands digit of 489916?
9
What is the ten thousands digit of 2058097?
5
What is the hundred thousands digit of 3910262?
9
What is the tens digit of 7069766?
6
What is the hundreds digit of 178071?
0
What is the thousands digit of 7144108?
4
What is the tens digit of 20431562?
6
What is the hundred thousands digit of 814247?
8
What is the ten thousands digit of 352325?
5
What is the hundred thousands digit of 3636514?
6
What is the units digit of 3883769?
9
What is the units digit of 2936147?
7
What is the hundred thousands digit of 8642769?
6
What is the ten millions digit of 13498338?
1
What is the millions digit of 4212273?
4
What is the thousands digit of 4707667?
7
What is the ten thousands digit of 1922324?
2
What is the units digit of 19890748?
8
What is the tens digit of 7026171?
7
What is the tens digit of 2684403?
0
What is the hundred thousands digit of 119841?
1
What is the tens digit of 1000?
0
What is the thousands digit of 3022863?
2
What is the millions digit of 1331921?
1
What is the thousands digit of 531386?
1
What is the tens digit of 99074?
7
What is the thousands digit of 6881238?
1
What is the hundreds digit of 304675?
6
What is the thousands digit of 2133372?
3
What is the units digit of 11560796?
6
What is the units digit of 152459?
9
What is the tens digit of 426239?
3
What is the thousands digit of 3665332?
5
What is the ten thousands digit of 231254?
3
What is the hundreds digit of 90721?
7
What is the ten thousands digit of 285320?
8
What is the ten thousands digit of 251486?
5
What is the ten thousands digit of 26385481?
8
What is the tens digit of 296550?
5
What is the hundred thousands digit of 868215?
8
What is the hundred thousands digit of 3998430?
9
What is the tens digit of 220932?
3
What is the tens digit of 220388?
8
What is the ten millions digit of 39523718?
3
What is the thousands digit of 4187286?
7
What is the hundred thousands digit of 343691?
3
What is the hundreds digit of 190561?
5
What is the hundreds digit of 25373?
3
What is the thousands digit of 3790285?
0
What is the units digit of 1803500?
0
What is the ten thousands digit of 2189165?
8
What is the ten thousands digit of 244536?
4
What is the hundred thousands digit of 298459?
2
What is the thousands digit of 1294868?
4
What is the hundred thousands digit of 1499487?
4
What is the thousands digit of 75034?
5
What is the ten thousands digit of 3365907?
6
What is the ten thousands digit of 1536761?
3
What is the thousands digit of 362871?
2
What is the tens digit of 18308928?
2
What is the ten thousands digit of 726702?
2
What is the thousands digit of 100723?
0
What is the ten thousands digit of 7186213?
8
What is the thousands digit of 758435?
8
What is the ten millions digit of 10056376?
1
What is the hundred thousands digit of 3369186?
3
What is the tens digit of 2271057?
5
What is the units digit of 10803714?
4
What is the thousands digit of 3523914?
3
What is the hundreds digit of 1356137?
1
What is the tens digit of 592881?
8
What is the units digit of 9884?
4
What is the ten thousands digit of 655332?
5
What is the ten millions digit of 13224007?
1
What is the hundred thousands digit of 18306090?
3
What is the units digit of 12540367?
7
What is the tens digit of 4307962?
6
What is the units digit of 17298328?
8
What is the ten millions digit of 26104216?
2
What is the tens digit of 1174522?
2
What is the millions digit of 26618710?
6
What is the hundreds digit of 12516850?
8
What is the units digit of 539490?
0
What is the units digit of 10822919?
9
What is the hundred thousands digit of 3325929?
3
What is the ten thousands digit of 4287660?
8
What is the units digit of 6416456?
6
What is the thousands digit of 361949?
1
What is the units digit of 8438016?
6
What is the units digit of 299107?
7
What is the hundreds digit of 568715?
7
What is the hundreds digit of 1051578?
5
What is the hundred thousands digit of 303057?
3
What is the hundred thousands digit of 3548725?
5
What is the ten millions digit of 24044833?
2
What is the units digit of 253493?
3
What is the units digit of 2980522?
2
What is the hundred thousands digit of 5845139?
8
What is the tens digit of 2454413?
1
What is the units digit of 399437?
7
What is the units digit of 30354740?
0
What is the units digit of 53653?
3
What is the units digit of 19095684?
4
What is the hundreds digit of 156542?
5
What is the ten thousands digit of 2447577?
4
What is the units digit of 193731?
1
What is the hundred thousands digit of 360142?
3
What is the tens digit of 257179?
7
What is the hundred thousands digit of 1409769?
4
What is the hundred thousands digit of 1003990?
0
What is the tens digit of 662164?
6
What is the ten thousands digit of 2202121?
0
What is the hundred thousands digit of 242704?
2
What is the ten thousands digit of 929163?
2
What is the hundred thousands digit of 472929?
4
What is the ten thousands digit of 78680?
7
What is the ten millions digit of 25530983?
2
What is the tens digit of 2816879?
7
What is the units digit of 3661523?
3
What is the millions digit of 11387247?
1
What is the tens digit of 218068?
6
What is the units digit of 37642?
2
What is the thousands digit of 936135?
6
What is the thousands digit of 303628?
3
What is the units digit of 305358?
8
What is the hundred thousands digit of 1430146?
4
What is the millions digit of 1268396?
1
What is the units digit of 754469?
9
What is the units digit of 13873320?
0
What is the hundred thousands digit of 464275?
4
What is the hundreds digit of 15814220?
2
What is the thousands digit of 9842650?
2
What is the ten millions digit of 21948615?
2
What is the hundred thousands digit of 518313?
5
What is the hundreds digit of 487266?
2
What is the units digit of 1952485?
5
What is the ten thousands digit of 1393202?
9
What is the units digit of 8155646?
6
What is the hundred thousands digit of 606785?
6
What is the units digit of 6362359?
9
What is the hundred thousands digit of 6368172?
3
What is the ten thousands digit of 4044436?
4
What is the units digit of 399004?
4
What is the units digit of 19277?
7
What is the tens digit of 202733?
3
What is the units digit of 261526?
6
What is the units digit of 92714?
4
What is the hundred thousands digit of 921792?
9
What is the tens digit of 1030741?
4
What is the ten thousands digit of 102101?
0
What is the millions digit of 6646740?
6
What is the thousands digit of 236394?
6
What is the hundred thousands digit of 7105075?
1
What is the units digit of 1839104?
4
What is the hundred thousands digit of 592720?
5
What is the tens digit of 292193?
9
What is the ten thousands digit of 119847?
1
What is the hundred thousands digit of 1691632?
6
What is the hundreds digit of 16756573?
5
What is the ten thousands digit of 158509?
5
What is the thousands digit of 156150?
6
What is the hundred thousands digit of 240310?
2
What is the thousands digit of 801703?
1
What is the hundreds digit of 4679681?
6
What is the ten thousands digit of 4008864?
0
What is the ten thousands digit of 170267?
7
What is the thousands digit of 180021?
0
What is the thousands digit of 11885793?
5
What is the tens digit of 88340?
4
What is the ten thousands digit of 214423?
1
What is the units digit of 91091?
1
What is the thousands digit of 3359973?
9
What is the hundred thousands digit of 3264334?
2
What is the hundred thousands digit of 1440173?
4
What is the units digit of 41882?
2
What is the units digit of 459948?
8
What is the hundreds digit of 16784013?
0
What is the thousands digit of 3562186?
2
What is the hundreds digit of 111985?
9
What is the thousands digit of 310053?
0
What i